**2 - 4*l + 3. Let x = 5 - -1. Let j be u(x). Let t be 956/16 - 4/(-16). What is the greatest common divisor of j and t?
15
Let s be 31/(-279) + 32/18*4. Suppose -12*n + s*n = -1035. What is the greatest common divisor of n and 23?
23
Suppose 0 = 3*x + a - 17 + 1, 0 = x - a. Let t(j) = 12 - j - x*j + 7*j - j. Let h be t(0). Calculate the greatest common factor of h and 18.
6
Suppose 220 = 9*z - 50. Let t = 76 + -58. Calculate the highest common divisor of t and z.
6
Let b = 25 - 18. Suppose 0 = -17*l + 8*l + 54. Suppose b = j - l. What is the greatest common factor of j and 65?
13
Let t(s) = 2*s**3 - 10*s**2 - 5*s + 44. Let l be t(6). Calculate the greatest common factor of l and 473.
43
Suppose -2*h + 4*p = -60, 109 - 14 = 4*h - 3*p. What is the greatest common factor of h and 320?
20
Suppose 0 = -5*u + 25, i + u - 5 = -3*i. Let n = 4 + i. Suppose -3*b + 96 = -n*d, 4*b + d - 2*d = 115. Calculate the highest common factor of b and 14.
14
Let t(r) = 16*r + 280. Let s be t(-13). What is the highest common factor of 16 and s?
8
Suppose -2*s = -5*r - 6*s + 7, -3*s - 6 = 0. Suppose c - 2*h - 5 = 23, -r*h + 3 = c. What is the highest common factor of 27 and c?
9
Let j = 549 - 144. Calculate the greatest common factor of 81 and j.
81
Suppose 23*h - 367 = 185. What is the highest common factor of 6 and h?
6
Let b be (-170)/(-45) - (-1)/((-9)/(-2)). Suppose 0 = -b*x + 39 + 17. Suppose 2*n - 6 = -n. Calculate the highest common factor of n and x.
2
Suppose 30 = 6*c - 18. Let z(p) = p**3 + 11*p**2 + 7*p - 9. Let h be z(-10). Let k = -13 + h. What is the greatest common divisor of k and c?
8
Let y = -53 - -50. Let g be y/(-12) + (-355)/(-20). What is the highest common factor of 24 and g?
6
Let y(u) = u**3 + 4*u**2 - 7*u. Let l be y(-5). Let t be (-63)/3 - (0 - -1). Let n be 88/t + 29 + 0. What is the greatest common divisor of n and l?
5
Let u be 1/(2/98 - 0). Let c(r) = -r**2 - 25*r - 49. Let o be c(-24). Let v = u + o. What is the highest common factor of v and 264?
24
Let b = 126 - 117. Let h be 11*2*(-6 + b + 1). Calculate the highest common factor of 4 and h.
4
Let n be (12 + 0)/3 - -37. Suppose -z = -3*k + 11, -4*z + 4*k = k + 44. Let s = z + n. Calculate the greatest common divisor of 20 and s.
10
Suppose 3*u = -u - 3*j + 3, 0 = -u + 2*j + 9. Let o be ((-40)/3)/((-1)/u). Let k = o - 19. What is the greatest common factor of 231 and k?
21
Let y(i) = i**2 + 31*i - 41. Let p be y(-33). What is the highest common factor of p and 10?
5
Let x(v) = -137*v - 94. Let h be x(-2). What is the highest common divisor of h and 9?
9
Let s(b) = 3*b**2 + 7*b + 28. Let u = -106 + 102. Let v be s(u). Calculate the greatest common factor of 12 and v.
12
Let j(a) = -a**2 - 1. Let y = 2 - 1. Let c(v) = v**3 + 3*v**2 + 6*v. Let s(u) = y*c(u) - 4*j(u). Let q be s(-4). What is the highest common divisor of q and 14?
14
Let o = -89 + 91. Suppose 0*i + 42 = 3*i - m, -5*m = -o*i + 28. Let h = 12 - -9. What is the greatest common factor of h and i?
7
Let p be (-4)/(((-24)/(-28))/(-3)). Let n = -3 + p. Calculate the greatest common factor of 88 and n.
11
Suppose -5*n + 3*f = -0*n - 10711, 0 = -3*n + 3*f + 6423. Let u be n/48 + 4/(-6). Calculate the greatest common divisor of 11 and u.
11
Suppose 0*m = 4*m - 1080. Let w = -84 - -85. Let h be (-9 + 0)*w/(3/(-10)). What is the greatest common divisor of m and h?
30
Let j(a) = -a - 16. Let d be j(-19). Suppose d*p = 402 - 72. Calculate the greatest common factor of p and 11.
11
Let s = -95 - -67. Let d = -12 - s. Let x(m) = m**2 - 4*m + 3. Let j be x(5). What is the greatest common factor of j and d?
8
Let q be 5*(2 + 72/5). Suppose 30*a = -86 + 6236. What is the greatest common factor of a and q?
41
Suppose 5*w = -l - 3*l + 142, -2*l + 58 = 2*w. What is the greatest common divisor of 650 and w?
26
Let p = -2132 + 2411. What is the highest common factor of 27 and p?
9
Suppose -3*x + 84 = -0*x. Suppose 18 = -a + 5*g, 2*a + 5*g + 4 = x. Let k be (-1 - -4) + 0/1. What is the highest common factor of a and k?
1
Let j(q) = q**3 - 17*q**2 + 40*q + 36. Let p be j(18). Calculate the greatest common factor of 40 and p.
40
Let u(w) = -2*w**2 + 11*w + 23. Let j be u(5). Calculate the highest common divisor of 4564 and j.
28
Let p be (-30)/(-6) + (2 - 4)*1. Suppose -p*r + 3*z + 28 = -r, 3*r + z - 31 = 0. What is the highest common divisor of 11 and r?
11
Suppose 7*p - 144 = 5*p. What is the greatest common divisor of 540 and p?
36
Suppose 0 = 4*z - 8*z + 1280. Calculate the highest common factor of z and 60.
20
Let c = 22 + -12. Let s = c - 20. Let w be (4/s)/((-2)/70). Calculate the highest common divisor of 56 and w.
14
Let u be 40/130*(-52)/(-8). Calculate the highest common factor of u and 50.
2
Let p = 1269 + -1265. Calculate the highest common divisor of 92 and p.
4
Suppose 0 = -16*o + 95 + 81. Calculate the greatest common divisor of o and 297.
11
Let h = 8 - 5. Let x(f) = -f**2 - 12*f + 113. Let j be x(6). Suppose 2*p + 5*a = -h*p + 45, 2*p - j*a = 32. What is the highest common divisor of p and 11?
11
Let b = 4 - 0. Suppose t = b*i - 875, t + 670 = 3*i + 3*t. Let j = 45 - 25. What is the highest common divisor of i and j?
20
Suppose -21*v = -18*v - 363. Let r be 1/1 - (2 + -17). Suppose -z - 5*j + r = 0, 24 = 2*z - 2*j + 4. What is the greatest common divisor of v and z?
11
Suppose 4*j + 5*z = 1779, 7*j + 4*z + 1373 = 10*j. What is the greatest common divisor of 11 and j?
11
Let h = 72 + -40. Let b be -1*218/4*-2. Let u = 189 - b. Calculate the greatest common factor of h and u.
16
Suppose w - 4*u - 231 = 185, -3*w = -5*u - 1234. What is the greatest common divisor of 24 and w?
24
Suppose 5*k + 440 = 2*x, 2*k + 166 - 606 = -2*x. What is the greatest common factor of 20 and x?
20
Suppose 34 - 2 = -8*y. Let o be ((-2)/y)/(5/3780*7). What is the highest common divisor of 162 and o?
54
Let t(o) = -12 + 2*o + 10*o + 4 - 6. Let b be t(2). Calculate the greatest common divisor of b and 5.
5
Suppose 20 = u + 4*q, 0*q = 4*u + q - 20. Suppose u = s + s, 5*c = -s + 17. Suppose -d + c*d = 144. Calculate the highest common divisor of d and 8.
8
Suppose 7*i + 150 = 5*t + 5*i, 0 = -5*t + 3*i + 150. Calculate the highest common divisor of t and 130.
10
Let u(p) = -p**3 + 24*p**2 + 11*p - 72. Let y be u(23). Calculate the highest common divisor of y and 10.
10
Suppose 25 = 5*a, 6*n + 5*a + 150 = 7*n. Calculate the highest common factor of 7 and n.
7
Let u(d) = 3*d**2 - 8*d + 33. Let q be u(3). What is the greatest common divisor of q and 33?
3
Suppose -2*v + 1 = -7. Suppose -4*l = -3*a + 47, 5*l - v = -a + 18. What is the greatest common factor of a and 153?
17
Let l = -220 + 228. Calculate the greatest common factor of 72 and l.
8
Let h(l) = 2*l**2 + 17*l + 10. Let p be h(-8). Let c = 10 + p. Suppose -2*d = -5*d + c. What is the greatest common divisor of d and 2?
2
Suppose 6*f = 3233 - 2903. What is the highest common factor of f and 110?
55
Suppose -4 = -z + 17. Let i be 2/(-6)*(3 - z). Let s(g) = 11*g - 6. Let q be s(i). Calculate the highest common factor of q and 20.
20
Let y(d) = 4*d**2 - 25. Let f be y(6). What is the highest common factor of f and 7?
7
Let y(v) = 6 + 6*v + 2*v + 0*v. Let i be y(1). What is the greatest common factor of i and 14?
14
Let q = -144 - -321. What is the greatest common divisor of 413 and q?
59
Let m = 12 - 8. Suppose m*z = 3*l - 0*l + 26, -3*z + 25 = -5*l. Let k be (5/6)/(l/(-12)). Calculate the highest common divisor of k and 55.
5
Let r be 0 + 93 + (-8)/4. Let k = -205 + r. Let u be (18/(-27))/(4/k). What is the greatest common factor of 19 and u?
19
Suppose 0 = -2*c - 10, -30 = y + 4*c - 2. Let z = 16 - y. Calculate the greatest common divisor of z and 6.
6
Let g(x) = 2*x**2 + 2*x + 1. Let l be g(3). Suppose 187*a + 36 = 175*a + 336. Calculate the highest common divisor of a and l.
25
Let f(y) = y**2 - 2*y - 3. Let m be f(-2). Suppose m*n + 80 = -0*n. Let x be (19 + -1)/((-3)/n). Calculate the greatest common divisor of x and 12.
12
Suppose 5*k - 62 - 1643 = 0. What is the greatest common divisor of 11 and k?
11
Suppose 0 = 5*r - 4*c - 577, -45 = -3*r + 5*c + 296. Suppose -b = -4 - 5. What is the highest common factor of r and b?
9
Let b(t) = 3*t**2 - t + 9. Let r be b(-6). What is the greatest common fact